 the tens digit of 1/w - 267/(-15)?
1
Let n = 5 - 0. Suppose -4*a = 0, c - n*a - 4 = 3*c. Let d(u) = -3*u**3 - 2*u**2 + u - 1. What is the units digit of d(c)?
3
Let u(t) = t**3 + 6*t**2 + 5*t - 6. Let s be u(-5). What is the units digit of 4*((-147)/s)/7?
4
Let h be (-4)/(-3)*(-27)/(-2). Suppose -2 + h = 4*l. What is the units digit of l?
4
What is the tens digit of (-8)/4 + -1 + 51?
4
Let c(g) = g**3 + 5*g**2 + 6. Let s be c(-5). Let j be (-1)/6 + (-10)/12. Let l = j + s. What is the units digit of l?
5
Let r(x) = 44*x + 31. What is the tens digit of r(4)?
0
Suppose 11*s = 6*s + 20. Let c = 0 + 3. Suppose 51 = s*l + c*b, -5*l + 4*b + 30 = 5. What is the units digit of l?
9
Let w(p) = -p**3 + 6*p**2. Let s be w(6). Let r(y) = -4 - 4 - y + s*y. What is the units digit of r(-11)?
3
Let w = -7 - -9. Let m = 23 - w. What is the units digit of m?
1
Let h(g) = g + 11. Let w be h(-5). Suppose 40 = -w*q + 8*q. What is the tens digit of q?
2
Let k be (-3*3)/(0 - 1). Suppose 2*o + k*y - 4*y = 3, -y - 75 = -5*o. Suppose -x + 4*b = -7, -x + 2*b = 5*b - o. What is the tens digit of x?
1
Suppose -2*z - 2*z + 428 = -x, -3*x + 12 = 0. Suppose 3*u - z = -30. What is the units digit of u?
6
Suppose -14 - 3 = -2*q + 3*i, -3*q + 5*i + 27 = 0. What is the units digit of q?
4
Suppose 0 = 2*h, 4*h + 461 = 2*z - 31. What is the hundreds digit of z?
2
Let r(s) = 2*s + 40. What is the units digit of r(-11)?
8
Let u = 884 + -512. What is the units digit of u?
2
Let w = -4 - -2. Let m = w - -16. What is the units digit of m?
4
Let t(r) = -r**2 + 7*r - 1. Let d be t(5). Let a = 3 + d. Let c = a - 7. What is the units digit of c?
5
Let a = -2 - -1. Let r be 1 + 1 + a + 2. Suppose 4*l = 4*d + 36, r*l = -0*d + 2*d + 25. What is the units digit of l?
7
Suppose 0 = -0*j - j - 6. What is the units digit of 1*3 - 54/j?
2
Suppose -b = 7*y - 2*y - 190, 0 = 4*y - 3*b - 152. What is the tens digit of y?
3
Let l = -11 - -4. Let x = 21 + l. What is the tens digit of x?
1
Let u be (88/(-6))/((-1)/3). Let r = -9 + u. What is the units digit of r?
5
Let y = -28 + 36. What is the units digit of y?
8
Let i(b) = -b**3 - 10*b**2 - 2*b - 9. What is the units digit of i(-10)?
1
Suppose 9*w = 4*w, -5*k - 5*w + 20 = 0. Let l = k - 1. What is the units digit of l?
3
Suppose 6*y + 4*u = 4*y + 464, -4*u - 202 = -y. What is the units digit of y?
2
Suppose n + 271 = 3*s - 209, 0 = 3*s + 2*n - 480. Suppose 7*o - s = 2*o. What is the tens digit of o?
3
Let v be (-12)/(-20) + 56/(-10). Let i(l) = -5*l - 1. Let j(q) = 6*q. Let s(x) = 4*i(x) + 3*j(x). What is the units digit of s(v)?
6
Suppose 9*h - 340 - 263 = 0. What is the tens digit of h?
6
Let f = -3 - -3. Suppose f = -5*u - 6 + 21. Suppose -v = 0, 3*p = -0*v + v + u. What is the units digit of p?
1
Let v(t) = -2*t + 29. Let s(m) = m - 10. Let k(w) = 7*s(w) + 2*v(w). What is the units digit of k(11)?
1
Suppose 4*r + 4 = 5*r. Suppose -r*k = -0*y + 2*y + 28, -2*y = -2*k + 52. What is the units digit of (2 - 3)/(2/y)?
1
Let f be (48/(-9))/(2/(-3)). Let j = -5 + f. Suppose j + 3 = -2*g, -11 = -h + g. What is the units digit of h?
8
Suppose -3*w - 4*w + 490 = 0. What is the tens digit of w?
7
Suppose 0*n = -n + 57. What is the tens digit of n?
5
What is the units digit of (13 - -1) + (0 - 3)?
1
Suppose 0 = -5*m - 5*f + 295, -5*m + 2*f + 3*f = -305. What is the units digit of m?
0
Let i(b) be the second derivative of b**4/12 - b**3/3 - 3*b**2/2 + 4*b. What is the units digit of i(4)?
5
What is the units digit of 3/9 - (-4)/6?
1
Let u be 1 + 0 + (-1 - -1). Suppose -u - 4 = -5*t. What is the units digit of t?
1
Suppose 11*p - 7*p = 208. What is the tens digit of p?
5
Let k(v) = -4 - 4*v + 19 + 3*v. What is the units digit of k(8)?
7
Let f(i) be the second derivative of i**3/2 - 3*i**2/2 + i. Let c be f(4). Suppose 2*w - c = -3. What is the units digit of w?
3
Let g be 3/(9/21) + -2. What is the units digit of (18/10)/(1/g)?
9
Suppose 6*w + 3*t - 6 = 2*w, -5 = -5*w - 5*t. Let c be 18/(w/6 + 1). Suppose 5*f = 2*d - 33, 0 = 5*d - 5*f - 87 + c. What is the tens digit of d?
1
Let w = 5 + -3. Suppose -5*c = -3*y + 69, y - 4*c = w*y - 6. What is the tens digit of y?
1
Let j(c) = 3*c**2 + c - 1. Let s(n) = -13*n**2 - 5*n + 5. Let x(b) = 9*j(b) + 2*s(b). Suppose 2*p - 6*p - 12 = 0. What is the tens digit of x(p)?
1
Let t(r) = 4*r**2. Let c be t(2). Let n = c - 14. What is the units digit of n?
2
Let m be (1/3)/(2/24). Let f be (m/(-3))/((-10)/(-15)). Let t(q) = -q**3 + q**2 + q + 2. What is the units digit of t(f)?
2
Suppose r + 4*q - 7 - 14 = 0, -4*q + 1 = -3*r. Suppose 0*p + r*k + 39 = 4*p, -4*p + 2*k + 54 = 0. What is the tens digit of p?
1
Suppose -15 = r - 49. What is the units digit of r?
4
Let t(n) = 3*n**2 - 18*n - 23. Let a(j) = -2*j**2 + 9*j + 12. Let p(m) = 5*a(m) + 3*t(m). What is the units digit of p(-7)?
5
Let d(c) = -4*c**3. Let s be d(1). Let z = -1 - s. Suppose z*x - 3 = 2*x. What is the units digit of x?
3
Suppose 0 = -2*s - 3 - 3. What is the units digit of (-4)/(s + 38/14)?
4
Suppose -5 = 4*s - 1. Let j be s/2 + (-37)/(-2). Suppose -2*v - 10 = 4*h, 3*h = 2*v - j - 7. What is the units digit of v?
5
Suppose -2*i = -5*a + 4*a - 168, -2*i + 4*a = -162. What is the units digit of i?
5
Let x(i) = i**2 + 7*i + 2. Let p be x(-6). What is the tens digit of (-110)/p - 1/2?
2
Let o(a) = 3*a**3 - 4*a**2 + 4*a - 4. What is the units digit of o(3)?
3
Let b be (-18)/(-4) + 2/4. Suppose -p + 48 = 2*d, b*p - 165 = p + d. What is the units digit of p?
2
What is the units digit of (-6)/3*(-36 + 4)?
4
Suppose 0 = d + 5*u + 13, -5*u - 3 - 6 = 3*d. What is the units digit of 5*(2 + d + 0)?
0
Let x = 8 - 4. Let l(s) = -4*s**2 + 0*s + s - 6 + 3*s + s**3 + 1. What is the tens digit of l(x)?
1
Suppose -13*t + 7*t + 330 = 0. What is the units digit of t?
5
Suppose -3*x + 3*u = 2*u - 8, 10 = -5*u. Let z be (1 + x/3)*3. Suppose z*k = k + 4. What is the units digit of k?
1
Suppose 7*r - 140 = 8*r. What is the units digit of (3/3)/((-4)/r)?
5
Let i = 6 - 4. Let z be (i/(-4) + -2)*-10. Suppose -8 = -3*f + z. What is the tens digit of f?
1
Let r = 8 + -6. Let k be 4/(-18) - (-47)/9. Suppose r = -n, -k*l + 3*l + 20 = 2*n. What is the tens digit of l?
1
Let b = 87 + -47. What is the units digit of b?
0
Suppose -2*p + 2*v = -0*p + 16, 17 = -2*p + v. What is the units digit of 4 - p - (-8)/(-2)?
9
Let m(a) = 2*a**3 - 6*a**2 + 3*a - 6. What is the tens digit of m(4)?
3
Suppose -34 = -3*t + 341. Suppose 2*i - 53 = -2*x + i, -5*i = -5*x + t. What is the tens digit of x?
2
Let l(g) = 78*g**2 - 5*g + 4. What is the tens digit of l(-2)?
2
Let z = 25 - 10. What is the units digit of z?
5
Let p be (-26)/(-1) + -2 + 1. Suppose 5*l = -0*l + p. Suppose 0 = 4*w - 4, -2*d - 1 + l = -4*w. What is the units digit of d?
4
Let u = -245 + -27. What is the tens digit of (-22)/99 - u/9?
3
Suppose -2*n - 2*u - 3*u - 36 = 0, -3*u = n + 20. Let g = -7 - n. What is the units digit of g?
1
Let d be 6/15 + 103/5. Suppose 20 = 4*y - 0*y. Suppose -2*z = -y*z + d. What is the units digit of z?
7
Let k be (-3 - -4)*2*2. Suppose n + 21 = k*l, -2*l + l = -3*n - 19. Suppose -l*a + 27 = -a. What is the units digit of a?
9
Let g be (10/(-7))/((-2)/14). Let m = g + -6. What is the units digit of m?
4
Suppose 2*t + 218 = -0*c + 2*c, 0 = 2*c + 5*t - 253. What is the tens digit of c?
1
Suppose -r - 15 = 2*r. Let d(n) = -n**3 - 6*n**2 - 3*n. Let s be d(r). Let f = -5 - s. What is the units digit of f?
5
Suppose -4 = l - 54. What is the tens digit of l?
5
Suppose -9*n + 181 = -575. What is the tens digit of n?
8
Suppose 3*j = 7*j - 68. What is the tens digit of (j/(-3))/(3/(-9))?
1
Let s(c) = -c**2 + 6*c - 6. Let f be s(5). Let g be f/(-1 + 9/12). Suppose -g*w + 12 + 0 = 0. What is the units digit of w?
3
Let d(r) = 54*r**2 + 1. What is the units digit of d(1)?
5
Let i(z) = z**2 - 13*z - 9. Let l be i(14). Let k = l - -13. What is the units digit of k?
8
Let y be ((-2 - -49) + -2)*-1. Suppose -3*x = 2*x - 4*w + 156, 4*w - 60 = 2*x. Let f = x - y. What is the units digit of f?
3
Suppose 0 = -3*a - 3*z, -7*a - 3*z - 2 = -2*a. Let v = -1 + 0. What is the units digit of a/(v*(-2)/(-14))?
7
Suppose 0*l - l + 5*i + 37 = 0, -4*l + 4*i + 132 = 0. What is the units digit of l?
2
Let z = -13 + 21. Suppose 2*n = -0*c + 2*c - 2,